 is divided by 2686.
2515
What is the remainder when 313835 is divided by 3374?
53
What is the remainder when 290017 is divided by 163?
40
Calculate the remainder when 503274 is divided by 25159.
94
What is the remainder when 202516 is divided by 598?
392
Calculate the remainder when 216230 is divided by 348.
122
What is the remainder when 1975087 is divided by 1997?
54
Calculate the remainder when 50335990 is divided by 286.
276
What is the remainder when 12961 is divided by 717?
55
What is the remainder when 45531 is divided by 22553?
425
Calculate the remainder when 93521789 is divided by 766572.
5
Calculate the remainder when 2859092 is divided by 953008.
68
Calculate the remainder when 61411449 is divided by 5323.
5321
Calculate the remainder when 183870549 is divided by 36774109.
4
Calculate the remainder when 399705 is divided by 341.
53
What is the remainder when 13209581 is divided by 205?
201
Calculate the remainder when 4797633 is divided by 161.
155
What is the remainder when 57873 is divided by 2493?
534
Calculate the remainder when 2070051 is divided by 107.
29
What is the remainder when 2587625 is divided by 14957?
64
What is the remainder when 89542 is divided by 4263?
19
Calculate the remainder when 525925650 is divided by 31.
17
What is the remainder when 2420802 is divided by 121040?
2
What is the remainder when 2290247 is divided by 4?
3
What is the remainder when 2073688 is divided by 508?
32
What is the remainder when 2604838 is divided by 49147?
47
Calculate the remainder when 5467842 is divided by 3077.
13
What is the remainder when 50940800 is divided by 8490131?
14
Calculate the remainder when 30499 is divided by 429.
40
Calculate the remainder when 13375 is divided by 13248.
127
What is the remainder when 512882 is divided by 3604?
1114
Calculate the remainder when 2360 is divided by 711.
227
What is the remainder when 23649 is divided by 6678?
3615
Calculate the remainder when 89889 is divided by 1210.
349
What is the remainder when 32830348 is divided by 181?
25
What is the remainder when 2314696 is divided by 17?
10
What is the remainder when 59408 is divided by 59345?
63
Calculate the remainder when 2921820 is divided by 668.
656
Calculate the remainder when 84989688 is divided by 578.
568
Calculate the remainder when 26603974 is divided by 4669.
12
Calculate the remainder when 28953825 is divided by 28953823.
2
What is the remainder when 65638072 is divided by 275?
247
What is the remainder when 1683720 is divided by 526?
520
What is the remainder when 24098448 is divided by 3236?
3192
Calculate the remainder when 11803413 is divided by 130.
63
What is the remainder when 30998700 is divided by 2527?
2518
What is the remainder when 23742762 is divided by 122?
98
Calculate the remainder when 3635089 is divided by 95660.
9
What is the remainder when 88689 is divided by 14763?
111
Calculate the remainder when 1499054 is divided by 30.
14
Calculate the remainder when 48478552 is divided by 6925506.
10
Calculate the remainder when 50319035 is divided by 50319021.
14
What is the remainder when 1721295 is divided by 2827?
2479
What is the remainder when 20128422 is divided by 9617?
41
What is the remainder when 58657 is divided by 55?
27
What is the remainder when 10502105 is divided by 300?
5
What is the remainder when 23038799 is divided by 20?
19
What is the remainder when 5358806 is divided by 1824?
1718
What is the remainder when 3365410 is divided by 5038?
26
What is the remainder when 2479089 is divided by 589?
577
What is the remainder when 47029454 is divided by 14?
10
Calculate the remainder when 5500745 is divided by 248.
105
Calculate the remainder when 19764411 is divided by 206.
153
What is the remainder when 151904 is divided by 12?
8
What is the remainder when 298663 is divided by 49148?
3775
What is the remainder when 102576 is divided by 715?
331
Calculate the remainder when 92439154 is divided by 586.
584
What is the remainder when 13112914 is divided by 13112910?
4
What is the remainder when 68736 is divided by 9811?
59
What is the remainder when 249865 is divided by 8485?
3800
Calculate the remainder when 249005 is divided by 2639.
939
What is the remainder when 954649 is divided by 56150?
99
Calculate the remainder when 140939614 is divided by 327.
325
What is the remainder when 1109765 is divided by 65?
20
What is the remainder when 3650426 is divided by 193?
24
Calculate the remainder when 444052 is divided by 429.
37
What is the remainder when 4839197 is divided by 460?
457
What is the remainder when 260534646 is divided by 10886?
8
What is the remainder when 6519487 is divided by 2006?
1993
Calculate the remainder when 2475109 is divided by 117857.
112
What is the remainder when 42352 is divided by 2637?
160
Calculate the remainder when 83638775 is divided by 1774.
1771
Calculate the remainder when 183938 is divided by 183902.
36
What is the remainder when 9360016 is divided by 97?
1
Calculate the remainder when 215748 is divided by 156.
0
What is the remainder when 815432 is divided by 1037?
350
What is the remainder when 9069671 is divided by 1308?
1307
What is the remainder when 434012 is divided by 3263?
33
Calculate the remainder when 754750 is divided by 26024.
54
Calculate the remainder when 86844 is divided by 44.
32
Calculate the remainder when 112661818 is divided by 67.
45
Calculate the remainder when 5943 is divided by 2970.
3
Calculate the remainder when 3942 is divided by 54.
0
Calculate the remainder when 3894552 is divided by 2188.
2100
Calculate the remainder when 4983746 is divided by 5224.
50
What is the remainder when 198513 is divided by 906?
99
Calculate the remainder when 66123 is divided by 20943.
3294
Calculate the remainder when 2540690 is divided by 4270.
40
What is the remainder when 178418261 is divided by 1116?
1109
What is the remainder when 187341 is divided by 4928?
77
What is the remainder when 318432706 is divided by 1901?
1899
Calculate the remainder when 36930027 is divided by 572.
563
Calculate the remainder when 11198684 is divided by 976.
60
Calculate the remainder when 9404 is divided by 4225.
954
Calculate the remainder when 763104 is divided by 34.
8
Calculate the remainder when 50302 is divided by 192.
190
Calculate the remainder when 422401 is divided by 960.
1
What is the remainder when 5001901 is divided by 299?
229
What is the remainder when 6711328 is divided by 765?
748
What is the remainder when 35032041 is divided by 222?
219
What is the remainder when 126680194 is divided by 12668018?
14
Calculate the remainder when 17992 is divided by 358.
92
Calculate the remainder when 1051400 is divided by 2195.
2190
Calculate the remainder when 1169286 is divided by 1169244.
42
Calculate the remainder when 6024 is divided by 344.
176
Calculate the remainder when 4740298 is divided by 497.
409
Calculate the remainder when 6479563 is divided by 210.
13
Calculate the remainder when 2626003 is divided by 30.
13
What is the remainder when 1822083 is divided by 80?
3
What is the remainder when 608673 is divided by 23409?
39
Calculate the remainder when 2231516 is divided by 9376.
28
Calculate the remainder when 66942 is divided by 25567.
15808
Calculate the remainder when 7905098 is divided by 764.
754
Calculate the remainder when 57526540 is divided by 1438163.
20
What is the remainder when 96088 is divided by 31957?
217
Calculate the remainder when 41866940 is divided by 13.
11
What is the remainder when 10696984 is divided by 822843?
25
What is the remainder when 75343 is divided by 978?
37
Calculate the remainder when 9643 is divided by 248.
219
What is the remainder when 35211837 is divided by 240?
237
What is the remainder when 14085 is divided by 14052?
33
Calculate the remainder when 50906831 is divided by 1158.
1151
Calculate the remainder when 53688 is divided by 17707.
567
Calculate the remainder when 1647318 is divided by 528.
486
Calculate the remainder when 3414824 is divided by 45.
44
Calculate the remainder when 92722 is divided by 23177.
14
Calculate the remainder when 532662 is divided by 13309.
302
What is the remainder when 67405 is divided by 591?
31
Calculate the remainder when 6014 is divided by 1733.
815
What is the remainder when 